lse
Is 192 a factor of 19008?
True
Is 22 a factor of 68?
False
Is 200 a factor of 35099?
False
Is 74 a factor of 7326?
True
Does 17 divide 323?
True
Is 9 a factor of 14382?
True
Is 318 a multiple of 21?
False
Does 274 divide 74209?
False
Does 21 divide 5103?
True
Does 89 divide 979?
True
Is 24 a factor of 2016?
True
Does 133 divide 12316?
False
Is 2 a factor of 2016?
True
Is 189 a factor of 2079?
True
Is 3330 a multiple of 9?
True
Is 1315 a multiple of 121?
False
Is 36 a factor of 5292?
True
Is 22 a factor of 25537?
False
Does 21 divide 15624?
True
Does 15 divide 60?
True
Is 170 a multiple of 17?
True
Does 113 divide 15368?
True
Is 103 a factor of 34436?
False
Is 84 a factor of 17571?
False
Does 3 divide 496?
False
Is 19 a factor of 2831?
True
Is 7790 a multiple of 14?
False
Does 15 divide 469?
False
Is 2344 a multiple of 8?
True
Is 8 a factor of 37833?
False
Is 790 a multiple of 10?
True
Is 111 a multiple of 37?
True
Is 14 a factor of 6064?
False
Is 10028 a multiple of 46?
True
Is 11 a factor of 293?
False
Does 4 divide 16536?
True
Is 164 a factor of 5412?
True
Is 15 a factor of 2223?
False
Does 9 divide 8559?
True
Is 42 a factor of 38086?
False
Is 16112 a multiple of 19?
True
Is 10530 a multiple of 45?
True
Is 6819 a multiple of 150?
False
Does 5 divide 510?
True
Does 51 divide 414?
False
Does 33 divide 72344?
False
Is 83 a factor of 11122?
True
Does 207 divide 2484?
True
Does 6 divide 70?
False
Does 14 divide 8526?
True
Is 309 a multiple of 103?
True
Is 1854 a multiple of 103?
True
Is 3 a factor of 11?
False
Does 227 divide 915?
False
Is 944 even?
True
Is 30 a factor of 3714?
False
Does 13 divide 846?
False
Does 24 divide 7296?
True
Is 33 a factor of 66?
True
Is 594 a multiple of 99?
True
Is 1377 a multiple of 19?
False
Is 6 a factor of 12021?
False
Is 65 a factor of 32575?
False
Does 7 divide 698?
False
Is 37 a factor of 6594?
False
Is 665 a multiple of 133?
True
Does 4 divide 119?
False
Is 16 a factor of 553?
False
Is 26 a factor of 2214?
False
Is 2530 a multiple of 23?
True
Does 73 divide 949?
True
Is 14 a factor of 53314?
False
Is 131061 a multiple of 276?
False
Is 3024 a multiple of 54?
True
Is 1488 a multiple of 48?
True
Is 8 a factor of 32943?
False
Is 6425 a multiple of 15?
False
Is 759 a multiple of 23?
True
Does 24 divide 13430?
False
Is 18 a factor of 1134?
True
Is 726 a multiple of 33?
True
Is 4256 a multiple of 133?
True
Is 1164 a multiple of 3?
True
Does 23 divide 60467?
True
Is 8 a factor of 338?
False
Is 47934 a multiple of 9?
True
Is 41 a factor of 3075?
True
Does 3 divide 188?
False
Is 505 a multiple of 8?
False
Is 2691 a multiple of 9?
True
Does 166 divide 5945?
False
Does 9 divide 522?
True
Does 54 divide 2808?
True
Is 1190 a multiple of 14?
True
Is 2 a factor of 278?
True
Is 23 a factor of 23?
True
Is 41144 a multiple of 12?
False
Is 80 a factor of 2080?
True
Does 66 divide 2574?
True
Is 22 a factor of 40162?
False
Does 31 divide 124?
True
Is 323 a multiple of 8?
False
Does 126 divide 894?
False
Does 29 divide 406?
True
Is 9 a factor of 6340?
False
Is 15 a multiple of 12?
False
Does 54 divide 1455?
False
Is 50 a factor of 4833?
False
Does 39 divide 585?
True
Is 18 a factor of 270?
True
Is 62 a factor of 13040?
False
Is 14402 a multiple of 17?
False
Does 92 divide 30086?
False
Is 20 a factor of 2560?
True
Is 36 a factor of 2658?
False
Is 2790 a multiple of 52?
False
Is 480 a multiple of 4?
True
Is 8670 a multiple of 102?
True
Does 8 divide 879?
False
Is 76 a factor of 8056?
True
Is 65 a multiple of 4?
False
Does 33 divide 38035?
False
Is 4771 a multiple of 76?
False
Is 37236 a multiple of 107?
True
Is 60 a factor of 6933?
False
Is 3 a factor of 100?
False
Is 15510 a multiple of 21?
False
Does 13 divide 33683?
True
Is 9010 a multiple of 217?
False
Does 14 divide 20048?
True
Is 198 a factor of 8910?
True
Does 28 divide 1568?
True
Does 13 divide 341?
False
Is 837 a multiple of 16?
False
Does 13 divide 315?
False
Is 8 a factor of 184?
True
Is 30400 a multiple of 29?
False
Is 147 a multiple of 21?
True
Is 573 a multiple of 9?
False
Is 70400 a multiple of 275?
True
Is 8799 a multiple of 114?
False
Is 6 a factor of 909?
False
Does 68 divide 4556?
True
Is 5207 a multiple of 20?
False
Is 28 a factor of 196?
True
Does 14 divide 1353?
False
Is 14056 a multiple of 56?
True
Is 11 a factor of 79?
False
Is 38556 a multiple of 12?
True
Is 180 a factor of 38700?
True
Is 56 a factor of 8480?
False
Is 12 a multiple of 12?
True
Does 8 divide 669?
False
Is 17 a factor of 33303?
True
Is 22 a factor of 792?
True
Is 18 a factor of 45088?
False
Is 297 a multiple of 18?
False
Is 220 a multiple of 4?
True
Is 31 a factor of 1728?
False
Does 17 divide 4317?
False
Is 3 a factor of 13?
False
Does 50 divide 14219?
False
Does 19 divide 152?
True
Is 53 a factor of 6555?
False
Is 1349 a multiple of 13?
False
Is 75 a factor of 230?
False
Does 43 divide 2528?
False
Is 49 a factor of 53515?
False
Does 255 divide 10965?
True
Does 2 divide 7?
False
Does 49 divide 688?
False
Is 580 a multiple of 10?
True
Does 17 divide 660?
False
Is 89 even?
False
Does 15 divide 2238?
False
Is 875 a multiple of 35?
True
Is 6 a factor of 1487?
False
Is 3937 a multiple of 39?
False
Is 9 a factor of 4986?
True
Is 25 a factor of 1293?
False
Is 34 a factor of 504?
False
Is 10282 a multiple of 97?
True
Does 40 divide 19396?
False
Is 25070 a multiple of 10?
True
Is 564 a multiple of 7?
False
Is 14 a factor of 611?
False
Is 3843 a multiple of 14?
False
Does 10 divide 14070?
True
Is 18 a factor of 3090?
False
Is 51 a factor of 15280?
False
Is 428 a multiple of 3?
False
Is 12437 a multiple of 44?
False
Is 295 a factor of 39789?
False
Is 20293 a multiple of 13?
True
Does 31 divide 14117?
False
Is 12 a factor of 2928?
True
Is 52 a factor of 2236?
True
Is 840 a multiple of 56?
True
Does 47 divide 1081?
True
Is 148 a factor of 5143?
False
Does 20 divide 312?
False
Is 19 a factor of 2622?
True
Is 4039 a multiple of 7?
True
Is 147 a factor of 31840?
False
Is 1261 a multiple of 54?
False
Is 21 a factor of 1050?
True
Is 204 a multiple of 7?
False
Is 22 a factor of 1660?
False
Is 86 a factor of 5922?
False
Is 23268 a multiple of 42?
True
Does 31 divide 66160?
False
Does 37 divide 1073?
True
Is 249 a factor of 49053?
True
Is 1880 a multiple of 4?
True
Is 15760 a multiple of 140?
False
Is 3206 a multiple of 12?
False
Is 10299 a multiple of 14?
False
Does 8 divide 100808?
True
Is 13 a factor of 165?
False
Does 67 divide 918?
False
Is 341 a multiple of 31?
True
Does 65 divide 3381?
False
Is 98601 a multiple of 23?
True
Is 210 a factor of 6134?
False
Is 14 a factor of 504?
True
Is 303 a factor of 8484?
True
Is 113 a factor of 1243?
True
Is 20 a factor of 16560?
True
Is 82 a factor of 410?
True
Is 1197 a multiple of 7?
True
Does 34 divide 233?
False
Is 800 a multiple of 10?
True
Is 35 a factor of 7385?
True
Does 110 divide 999?
False
Is 9 a factor of 69?
False
Does 41 divide 5969?
False
Does 11 divide 734?
False
Does 76 divide 5159?
False
Is 112 a factor of 77168?
True
Is 7200 a multiple of 78?
False
Does 41 divide 17906?
False
Does 19 divide 2432?
True
Is 242 a factor of 25968?
False
Does 27 divide 284?
False
Does 38 divide 950?
True
Is 3583 a multiple of 10?
False
Is 2 a factor of 638?
True
Does 63 divide 710?
False
Is 4 a factor of 267?
False
Is 110 a factor of 5830?
True
Does 228 divide 8187?
False
Does 2 divide 15518?
True
Is 10 a factor of 16989?
False
Is 11 a factor of 951?
False
Is 6945 a multiple of 15?
True
Is 19 a factor of 37254?
False
Is 9590 a multiple of 70?
True
Is 187 a factor of 35530?
True
Does 11 divide 209?
True
Does 24 divide 1620?
False
Is 17 a factor of 544?
True
Does 146 divide 14241?
False
Is 10 a factor of 2707?
False
Is 31 a factor of 106?
False
Is 58 a factor of 700?
False
Is 9904 a multiple of 30?
False
Is 74 a factor of 347?
False
Does 7 divide 20090?
True
Is 484 a multiple of 6?
False
Does 57 divide 17271?
True
Is 91 a factor of 819?
True
Is 19 a multiple of 2?
False
Is 20 a factor of 4040?
True
Is 30144 a multiple of 24?
True
Does 12 divide 6701?
False
Does 5 divide 3191?
False
Does 26 divide 1034?
False
Is 30017 a multiple of 13?
True
Is 3 a factor of 42137?
False
Is 2 a factor of 14?
True
Is 18 a factor of 144?
True
Is 11072 a multiple of 33?
False
Does 5 divide 